{"id":89,"date":"2015-03-06T14:51:25","date_gmt":"2015-03-06T14:51:25","guid":{"rendered":"http:\/\/cs.startcil.cz\/?page_id=89"},"modified":"2019-06-23T23:08:35","modified_gmt":"2019-06-23T23:08:35","slug":"start-cil","status":"publish","type":"page","link":"https:\/\/startcil.cz\/cs\/o-nas\/start-cil\/","title":{"rendered":"Pro\u010d start c\u00edl?"},"content":{"rendered":"[vc_row type=&#8220;in_container&#8220; full_screen_row_position=&#8220;middle&#8220; scene_position=&#8220;center&#8220; text_color=&#8220;dark&#8220; text_align=&#8220;left&#8220; overlay_strength=&#8220;0.3&#8243; shape_divider_position=&#8220;bottom&#8220; bg_image_animation=&#8220;none&#8220;][vc_column column_padding=&#8220;padding-3-percent&#8220; column_padding_position=&#8220;all&#8220; background_color_opacity=&#8220;1&#8243; background_hover_color_opacity=&#8220;1&#8243; column_link_target=&#8220;_self&#8220; column_shadow=&#8220;none&#8220; column_border_radius=&#8220;none&#8220; width=&#8220;1\/1&#8243; tablet_width_inherit=&#8220;default&#8220; tablet_text_alignment=&#8220;default&#8220; phone_text_alignment=&#8220;default&#8220; column_border_width=&#8220;none&#8220; column_border_style=&#8220;solid&#8220; bg_image_animation=&#8220;none&#8220; enable_animation=&#8220;true&#8220; animation=&#8220;fade-in&#8220;][vc_column_text]\n<h1 style=\"text-align: center;\">Pro\u010d start c\u00edl?<\/h1>\n[\/vc_column_text][\/vc_column][\/vc_row][vc_row type=&#8220;in_container&#8220; full_screen_row_position=&#8220;middle&#8220; scene_position=&#8220;center&#8220; text_color=&#8220;dark&#8220; text_align=&#8220;left&#8220; overlay_strength=&#8220;0.3&#8243; shape_divider_position=&#8220;bottom&#8220; bg_image_animation=&#8220;none&#8220;][vc_column column_padding=&#8220;no-extra-padding&#8220; column_padding_position=&#8220;all&#8220; background_color_opacity=&#8220;1&#8243; background_hover_color_opacity=&#8220;1&#8243; column_link_target=&#8220;_self&#8220; column_shadow=&#8220;none&#8220; column_border_radius=&#8220;none&#8220; width=&#8220;1\/3&#8243; tablet_width_inherit=&#8220;default&#8220; tablet_text_alignment=&#8220;default&#8220; phone_text_alignment=&#8220;default&#8220; column_border_width=&#8220;none&#8220; column_border_style=&#8220;solid&#8220; bg_image_animation=&#8220;none&#8220;]<div class=\"img-with-aniamtion-wrap \" data-max-width=\"100%\" data-border-radius=\"none\"><div class=\"inner\"><img data-shadow=\"none\" data-shadow-direction=\"middle\" class=\"img-with-animation skip-lazy \" data-delay=\"0\" height=\"1307\" width=\"1000\"  data-animation=\"fade-in\" src=\"https:\/\/startcil.cz\/cs\/wp-content\/uploads\/2015\/03\/kostel_uvod1.jpg\" srcset=\"https:\/\/startcil.cz\/cs\/wp-content\/uploads\/2015\/03\/kostel_uvod1.jpg 1000w, https:\/\/startcil.cz\/cs\/wp-content\/uploads\/2015\/03\/kostel_uvod1-230x300.jpg 230w, https:\/\/startcil.cz\/cs\/wp-content\/uploads\/2015\/03\/kostel_uvod1-768x1004.jpg 768w, https:\/\/startcil.cz\/cs\/wp-content\/uploads\/2015\/03\/kostel_uvod1-783x1024.jpg 783w\" sizes=\"100vw\" alt=\"\" \/><\/div><\/div>[\/vc_column][vc_column column_padding=&#8220;no-extra-padding&#8220; column_padding_position=&#8220;all&#8220; background_color_opacity=&#8220;1&#8243; background_hover_color_opacity=&#8220;1&#8243; column_link_target=&#8220;_self&#8220; column_shadow=&#8220;none&#8220; column_border_radius=&#8220;none&#8220; width=&#8220;2\/3&#8243; tablet_width_inherit=&#8220;default&#8220; tablet_text_alignment=&#8220;default&#8220; phone_text_alignment=&#8220;default&#8220; column_border_width=&#8220;none&#8220; column_border_style=&#8220;solid&#8220; bg_image_animation=&#8220;none&#8220;][vc_column_text]C\u00edlovou rovinku zn\u00e1 v T\u011brlicku snad ka\u017ed\u00fd. Evangelick\u00fd kostel v T\u011brlicku le\u017e\u00ed nadohled prostor\u016fm startu a c\u00edle.<\/p>\n<p style=\"text-align: left;\">Kl\u00ed\u010dem pro \u017eivot je poznat jeho c\u00edl, to odkud jsme vy\u0161li a kam v \u017eivot\u011b sm\u011b\u0159ujeme. Jako k\u0159es\u0165an\u00e9 v\u011b\u0159\u00edme tomu, \u017ee nejsme d\u00edlem n\u00e1hody, ale je tady B\u016fh, kter\u00fd d\u00e1v\u00e1 \u017eivotu skute\u010dn\u00fd smysl. Jako lid\u00e9 jsme tento c\u00edl minuli, ale existuje dobr\u00e1 zpr\u00e1va.<\/p>\n<p style=\"text-align: left;\">Je\u017e\u00ed\u0161 Kristus jako Bo\u017e\u00ed syn um\u00edr\u00e1 za na\u0161e provin\u011bn\u00ed na golgotsk\u00e9m k\u0159\u00ed\u017ei. V\u00edrou v N\u011bj n\u00e1m nab\u00edz\u00ed sm\u00ed\u0159en\u00ed a odpu\u0161t\u011bn\u00ed. M\u016f\u017eete tak za\u010d\u00edt znovu, postavit se na start a vyrazit sm\u011brem k nebesk\u00e9mu c\u00edli.<\/p>\n<p style=\"text-align: left;\">Jsme sou\u010d\u00e1st\u00ed<a href=\"http:\/\/www.sceav.cz\"> Slezsk\u00e9 c\u00edrkve evangelick\u00e9 a. v.<\/a>\u00a0Pokud by v\u00e1s zaj\u00edmala historie evangelick\u00e9ho sboru v T\u011brlicku, <a href=\"http:\/\/startcil.cz\/cs\/wp-content\/uploads\/2015\/03\/historie_sboru.pdf\">klikn\u011bte zde<\/a>&#8230;<\/p>\n[\/vc_column_text][\/vc_column][\/vc_row]\n","protected":false},"excerpt":{"rendered":"<p>[vc_row type=&#8220;in_container&#8220; full_screen_row_position=&#8220;middle&#8220; scene_position=&#8220;center&#8220; text_color=&#8220;dark&#8220; text_align=&#8220;left&#8220; overlay_strength=&#8220;0.3&#8243; shape_divider_position=&#8220;bottom&#8220; bg_image_animation=&#8220;none&#8220;][vc_column column_padding=&#8220;padding-3-percent&#8220; column_padding_position=&#8220;all&#8220; background_color_opacity=&#8220;1&#8243; background_hover_color_opacity=&#8220;1&#8243; column_link_target=&#8220;_self&#8220; column_shadow=&#8220;none&#8220;&#8230;<\/p>\n","protected":false},"author":1,"featured_media":0,"parent":14,"menu_order":0,"comment_status":"open","ping_status":"closed","template":"","meta":[],"_links":{"self":[{"href":"https:\/\/startcil.cz\/cs\/wp-json\/wp\/v2\/pages\/89"}],"collection":[{"href":"https:\/\/startcil.cz\/cs\/wp-json\/wp\/v2\/pages"}],"about":[{"href":"https:\/\/startcil.cz\/cs\/wp-json\/wp\/v2\/types\/page"}],"author":[{"embeddable":true,"href":"https:\/\/startcil.cz\/cs\/wp-json\/wp\/v2\/users\/1"}],"replies":[{"embeddable":true,"href":"https:\/\/startcil.cz\/cs\/wp-json\/wp\/v2\/comments?post=89"}],"version-history":[{"count":6,"href":"https:\/\/startcil.cz\/cs\/wp-json\/wp\/v2\/pages\/89\/revisions"}],"predecessor-version":[{"id":6296,"href":"https:\/\/startcil.cz\/cs\/wp-json\/wp\/v2\/pages\/89\/revisions\/6296"}],"up":[{"embeddable":true,"href":"https:\/\/startcil.cz\/cs\/wp-json\/wp\/v2\/pages\/14"}],"wp:attachment":[{"href":"https:\/\/startcil.cz\/cs\/wp-json\/wp\/v2\/media?parent=89"}],"curies":[{"name":"wp","href":"https:\/\/api.w.org\/{rel}","templated":true}]}}

Proč start cíl?

[vc_row type=&#8220;in_container&#8220; full_screen_row_position=&#8220;middle&#8220; scene_position=&#8220;center&#8220; text_color=&#8220;dark&#8220; text_align=&#8220;left&#8220; overlay_strength=&#8220;0.3&#8243; shape_divider_position=&#8220;bottom&#8220; bg_image_animation=&#8220;none&#8220;][vc_column column_padding=&#8220;padding-3-percent&#8220; column_padding_position=&#8220;all&#8220; background_color_opacity=&#8220;1&#8243; background_hover_color_opacity=&#8220;1&#8243; column_link_target=&#8220;_self&#8220; column_shadow=&#8220;none&#8220; column_border_radius=&#8220;none&#8220; width=&#8220;1/1&#8243; tablet_width_inherit=&#8220;default&#8220; tablet_text_alignment=&#8220;default&#8220; phone_text_alignment=&#8220;default&#8220; column_border_width=&#8220;none&#8220; column_border_style=&#8220;solid&#8220; bg_image_animation=&#8220;none&#8220; enable_animation=&#8220;true&#8220; animation=&#8220;fade-in&#8220;][vc_column_text]
<h1 style="text-align: center;">Proč start cíl?</h1>
[/vc_column_text][/vc_column][/vc_row][vc_row type=&#8220;in_container&#8220; full_screen_row_position=&#8220;middle&#8220; scene_position=&#8220;center&#8220; text_color=&#8220;dark&#8220; text_align=&#8220;left&#8220; overlay_strength=&#8220;0.3&#8243; shape_divider_position=&#8220;bottom&#8220; bg_image_animation=&#8220;none&#8220;][vc_column column_padding=&#8220;no-extra-padding&#8220; column_padding_position=&#8220;all&#8220; background_color_opacity=&#8220;1&#8243; background_hover_color_opacity=&#8220;1&#8243; column_link_target=&#8220;_self&#8220; column_shadow=&#8220;none&#8220; column_border_radius=&#8220;none&#8220; width=&#8220;1/3&#8243; tablet_width_inherit=&#8220;default&#8220; tablet_text_alignment=&#8220;default&#8220; phone_text_alignment=&#8220;default&#8220; column_border_width=&#8220;none&#8220; column_border_style=&#8220;solid&#8220; bg_image_animation=&#8220;none&#8220;]<div class="img-with-aniamtion-wrap " data-max-width="100%" data-border-radius="none"><div class="inner"><img data-shadow="none" data-shadow-direction="middle" class="img-with-animation skip-lazy " data-delay="0" height="1307" width="1000"  data-animation="fade-in" src="https://startcil.cz/cs/wp-content/uploads/2015/03/kostel_uvod1.jpg" srcset="https://startcil.cz/cs/wp-content/uploads/2015/03/kostel_uvod1.jpg 1000w, https://startcil.cz/cs/wp-content/uploads/2015/03/kostel_uvod1-230x300.jpg 230w, https://startcil.cz/cs/wp-content/uploads/2015/03/kostel_uvod1-768x1004.jpg 768w, https://startcil.cz/cs/wp-content/uploads/2015/03/kostel_uvod1-783x1024.jpg 783w" sizes="100vw" alt="" /></div></div>[/vc_column][vc_column column_padding=&#8220;no-extra-padding&#8220; column_padding_position=&#8220;all&#8220; background_color_opacity=&#8220;1&#8243; background_hover_color_opacity=&#8220;1&#8243; column_link_target=&#8220;_self&#8220; column_shadow=&#8220;none&#8220; column_border_radius=&#8220;none&#8220; width=&#8220;2/3&#8243; tablet_width_inherit=&#8220;default&#8220; tablet_text_alignment=&#8220;default&#8220; phone_text_alignment=&#8220;default&#8220; column_border_width=&#8220;none&#8220; column_border_style=&#8220;solid&#8220; bg_image_animation=&#8220;none&#8220;][vc_column_text]Cílovou rovinku zná v Těrlicku snad každý. Evangelický kostel v Těrlicku leží nadohled prostorům startu a cíle.</p>
<p style="text-align: left;">Klíčem pro život je poznat jeho cíl, to odkud jsme vyšli a kam v životě směřujeme. Jako křesťané věříme tomu, že nejsme dílem náhody, ale je tady Bůh, který dává životu skutečný smysl. Jako lidé jsme tento cíl minuli, ale existuje dobrá zpráva.</p>
<p style="text-align: left;">Ježíš Kristus jako Boží syn umírá za naše provinění na golgotském kříži. Vírou v Něj nám nabízí smíření a odpuštění. Můžete tak začít znovu, postavit se na start a vyrazit směrem k nebeskému cíli.</p>
<p style="text-align: left;">Jsme součástí<a href="http://www.sceav.cz"> Slezské církve evangelické a. v.</a> Pokud by vás zajímala historie evangelického sboru v Těrlicku, <a href="http://startcil.cz/cs/wp-content/uploads/2015/03/historie_sboru.pdf">klikněte zde</a>&#8230;</p>
[/vc_column_text][/vc_column][/vc_row]
